{"id":274,"date":"2011-03-23T12:52:32","date_gmt":"2011-03-23T11:52:32","guid":{"rendered":"http:\/\/www.ff-eddelak.de\/wcms\/?page_id=274"},"modified":"2012-12-09T11:52:27","modified_gmt":"2012-12-09T10:52:27","slug":"geratehaus","status":"publish","type":"page","link":"https:\/\/www.feuerwehr-eddelak.de\/wcms\/wir-uber-uns\/geratehaus\/","title":{"rendered":"Ger\u00e4tehaus"},"content":{"rendered":"<p><a href=\"http:\/\/feuerwehr-eddelak.de\/wcms\/wir-uber-uns\/geratehaus\/#\"><img loading=\"lazy\" decoding=\"async\" class=\"alignleft\" style=\"border: 0px;\" src=\"http:\/\/feuerwehr-eddelak.de\/wcms\/wp-content\/backward-image\/ghaus\/ghaus_001_k.jpg\" alt=\"Ger\u00e4tehaus von S\u00fcden\" width=\"150\" height=\"93\" align=\"left\" border=\"0\" \/><\/a> Bevor die Eddelaker Feuerwehr 1885 ihr erstes Feuerwehrger\u00e4tehaus bekam waren die Ger\u00e4tschaften in einem kleinen Anbau des Kirchturms untergebracht. Dort konnte man auch leicht die Schl\u00e4uche zum trocknen aufh\u00e4ngen. <a href=\"http:\/\/feuerwehr-eddelak.de\/wcms\/wir-uber-uns\/geratehaus\/#\"><img loading=\"lazy\" decoding=\"async\" class=\"alignright\" style=\"border: 0px;\" src=\"http:\/\/feuerwehr-eddelak.de\/wcms\/wp-content\/backward-image\/ghaus\/ghaus_002_k.jpg\" alt=\"Ger\u00e4tehaus von Osten\" width=\"150\" height=\"87\" align=\"right\" border=\"0\" \/><\/a> Dies war auch im neuen Ger\u00e4tehaus notwenidig. Daher hatte dieses dann eine eigenen Trockenturm. Nach dem zweiten Weltkrieg musste dann ein neues Ger\u00e4tehaus gebaut, dass dann von 1948 bis 1979 der Wehr ein Zuhause bot. Denn das alte Ger\u00e4tehaus war inzwischen bauf\u00e4llig geworden. Auch wenn es im Jahre 1948 vergleichweise gro\u00df war so gen\u00fcgte es gegen Ende der 70er Jahre den gestiegenden Anforderungen einer wachsenden Wehr nicht mehr. <a href=\"http:\/\/feuerwehr-eddelak.de\/wcms\/wir-uber-uns\/geratehaus\/#\"><img loading=\"lazy\" decoding=\"async\" class=\"alignleft\" style=\"border: 0px;\" src=\"http:\/\/feuerwehr-eddelak.de\/wcms\/wp-content\/backward-image\/ghaus\/ghaus_004_k.jpg\" alt=\"Ger\u00e4tehaus von Osten\" width=\"150\" height=\"71\" align=\"left\" border=\"0\" \/><\/a> So wurde 1975 der Bau eines neuen Feuerwehrger\u00e4tehauses beschlossen.<\/p>\n<p>Ende 1977 wurde dann auch endlich mit dem Bau begonnen und letztendlich wurde fast alles in Eigenleistung erstellt und steht bis heute <a href=\"http:\/\/maps.google.de\/maps?f=q&amp;hl=de&amp;q=Wilhelm-Johnsen-Stra%C3%9Fe+9,+Eddelak&amp;ll=53.948118,9.14571&amp;spn=0.005897,0.021629&amp;om=1\" target=\"_blank\">(Google-Maps)<\/a>. <a href=\"http:\/\/feuerwehr-eddelak.de\/wcms\/wir-uber-uns\/geratehaus\/#\"><img loading=\"lazy\" decoding=\"async\" class=\"alignright\" style=\"border: 0px;\" src=\"http:\/\/feuerwehr-eddelak.de\/wcms\/wp-content\/backward-image\/ghaus\/ghaus_003_k.jpg\" alt=\"Ger\u00e4tehaus von Norden\" width=\"150\" height=\"73\" align=\"right\" border=\"0\" \/><\/a> Auch wenn wir nicht mehr Platz f\u00fcr die Fahrzeuge an sich brauchen so sind es doch mehr Ger\u00e4tschaften im einzelnen geworden, sodass man gerne auch \u00fcber ein vern\u00fcnftiges Lager verf\u00fcgen m\u00f6chte. Au\u00dferdem war 1995 die Jugendfeuerwehr gegr\u00fcndet worden und hatte noch keine festen R\u00e4umlichlkeiten die sie ihr eigen nennen konnte. So wurde das Ger\u00e4tehaus mit einem Satteldach aufgestockt, was nun Platz f\u00fcr einen Schulungsraum, zwei Lagerr\u00e4ume, einem B\u00fcro und einer kleinen K\u00fcche f\u00fcr die Jugendfeuerwehr Platz bietet.<\/p>\n<p><img loading=\"lazy\" decoding=\"async\" class=\"alignleft\" style=\"border: 0px;\" src=\"http:\/\/feuerwehr-eddelak.de\/wcms\/wp-content\/backward-image\/ghkarte.gif\" alt=\"Grundri\u00df des Ger\u00e4tehauses\" width=\"400\" height=\"333\" border=\"0\" \/><\/p>\n","protected":false},"excerpt":{"rendered":" Bevor die Eddelaker Feuerwehr 1885 ihr erstes Feuerwehrger\u00e4tehaus bekam waren die Ger\u00e4tschaften in einem kleinen Anbau des Kirchturms untergebracht. Dort konnte man auch leicht &hellip;","protected":false},"author":1,"featured_media":0,"parent":264,"menu_order":10,"comment_status":"open","ping_status":"closed","template":"","meta":{"ngg_post_thumbnail":0,"footnotes":""},"class_list":["post-274","page","type-page","status-publish","hentry"],"_links":{"self":[{"href":"https:\/\/www.feuerwehr-eddelak.de\/wcms\/wp-json\/wp\/v2\/pages\/274","targetHints":{"allow":["GET"]}}],"collection":[{"href":"https:\/\/www.feuerwehr-eddelak.de\/wcms\/wp-json\/wp\/v2\/pages"}],"about":[{"href":"https:\/\/www.feuerwehr-eddelak.de\/wcms\/wp-json\/wp\/v2\/types\/page"}],"author":[{"embeddable":true,"href":"https:\/\/www.feuerwehr-eddelak.de\/wcms\/wp-json\/wp\/v2\/users\/1"}],"replies":[{"embeddable":true,"href":"https:\/\/www.feuerwehr-eddelak.de\/wcms\/wp-json\/wp\/v2\/comments?post=274"}],"version-history":[{"count":2,"href":"https:\/\/www.feuerwehr-eddelak.de\/wcms\/wp-json\/wp\/v2\/pages\/274\/revisions"}],"predecessor-version":[{"id":1105,"href":"https:\/\/www.feuerwehr-eddelak.de\/wcms\/wp-json\/wp\/v2\/pages\/274\/revisions\/1105"}],"up":[{"embeddable":true,"href":"https:\/\/www.feuerwehr-eddelak.de\/wcms\/wp-json\/wp\/v2\/pages\/264"}],"wp:attachment":[{"href":"https:\/\/www.feuerwehr-eddelak.de\/wcms\/wp-json\/wp\/v2\/media?parent=274"}],"curies":[{"name":"wp","href":"https:\/\/api.w.org\/{rel}","templated":true}]}}