{"id":315,"date":"2011-03-23T13:33:15","date_gmt":"2011-03-23T13:33:15","guid":{"rendered":"http:\/\/www.ff-eddelak.de\/wcms\/?page_id=315"},"modified":"2026-02-28T21:09:28","modified_gmt":"2026-02-28T20:09:28","slug":"rauchmelder","status":"publish","type":"page","link":"https:\/\/www.feuerwehr-eddelak.de\/wcms\/ihre-sicherheit\/rauchmelder\/","title":{"rendered":"Rauchmelder"},"content":{"rendered":"<h3>Lebensretter Rauchmelder<\/h3>\n<p><img loading=\"lazy\" decoding=\"async\" class=\"alignright\" src=\"http:\/\/feuerwehr-eddelak.de\/wcms\/wp-content\/backward-image\/rauchmelder.jpg\" alt=\"rauchmelder\" width=\"114\" height=\"150\" align=\"left\">200.000 Br\u00e4nde in Deutschland pro Jahr haben ca. 400&nbsp; Todesopfer zur Folge, davon sind ein Drittel Kinder. Die <strong data-start=\"1469\" data-end=\"1525\">meisten Brandtoten ereignen sich in Privathaushalten<\/strong>, h\u00e4ufig nachts, wenn Menschen schlafen.<\/p>\n<p>Am Tag werden die meisten Feuer schnell erkannt und Personen k\u00f6nnen schnell gerettet werden. Ein in der Nacht ausbrechendes Feuer wird dagegen meist sehr sp\u00e4t wahrgenommen &#8211; meist zu sp\u00e4t. Denn Nachts schl\u00e4ft auch der Geruchssinn. 95% aller Brandopfer sterben an einer <strong>Rauchvergiftung.<\/strong><\/p>\n<p>Heimrauchmelder warnen rechtzeitig vor der Gefahr, noch bevor sich die t\u00f6dlichen Rauchgaskonzentrationen gebildet haben. Der laute Alarm des Rauchmelders warnt Sie auch im Schlaf rechtzeitig vor der Brandgefahr und verschafft Ihnen den n\u00f6tigen Vorsprung, um sich und Ihre Familie in Sicherheit bringen zu k\u00f6nnen.<\/p>\n<p>Die lebensrettenden Rauchmelder sind nicht gr\u00f6\u00dfer als eine Kaffeetasse, unauff\u00e4llig, leicht zu installieren und \u00fcberall im Fachhandel erh\u00e4ltlich. Hochwertige Rauchmelder mit VdS-Zeichen funktionieren nach einem optischen Prinzip, das eine zuverl\u00e4ssige Raucherkennung und entsprechende Alarmmeldung erm\u00f6glicht. Rauchmelder sollten batteriebetrieben sein, um auch bei Stromausfall zu funktionieren. Bevor die Batterie ausgetauscht werden muss, ert\u00f6nen bei diesen Ger\u00e4ten rechtzeitig Warnsignale.<\/p>\n<p>Heimrauchmelder arbeiten mit einem optischen Sensor. Liegt eine gewisse Konzentration von Feinstaub in der Luft, wie es durch den Brandrauch passiert, ger\u00e4t dieser zwischen die Leuchtdiode und einen Fotosensor. Dies l\u00f6st den Rauchmelder aus.<\/p>\n<p>Die Montage ist Kinderleicht. Je nach Rauchmelder wird eine Halteplatte an der Decke montiert und der Rauchmelder aufgesetzt. Zwei Schrauben und fertig.<\/p>\n<p>Die Wartung \u00fcbernimmt der Rauchmelder im Grunde alleine. Ist die Batterie leer, im Normalfall nach fr\u00fchestens zwei Jahren, piept der Melder und weist darauf hin. Um ganz sicher zu gehen sollte man in regelm\u00e4\u00dfigen Abst\u00e4nden dennoch den Testknopf bet\u00e4tigen, um zu kontrollieren ob er noch seinen Dienst tut. Das bedeutet 10 min Aufwand im Jahr.<\/p>\n<p>Gute Rauchmelder, achten Sie auf das VdS-Pr\u00fcfzeichen, giebt es bereits weit unter 20\u20ac. Investieren Sie in Ihr Leben und das ihrer Kinder.<\/p>\n<p><a href=\"http:\/\/www.rauchmelder-lebensretter.de\/\" target=\"_blank\" rel=\"noopener\">Rauchmelder retten Leben<\/a><br \/>\n<a href=\"http:\/\/feuerwehr-eddelak.de\/wcms\/wp-content\/backward-document\/rauchmelder.pdf\" target=\"_blank\" rel=\"noopener\">Infoflyer<\/a><\/p>\n","protected":false},"excerpt":{"rendered":"Lebensretter Rauchmelder\n200.000 Br\u00e4nde in Deutschland pro Jahr haben ca. 400&nbsp; Todesopfer zur Folge, davon sind ein Drittel Kinder. Die meisten Brandtoten ereignen sich in Privathaushalten, &hellip;","protected":false},"author":1,"featured_media":0,"parent":296,"menu_order":5,"comment_status":"open","ping_status":"open","template":"","meta":{"ngg_post_thumbnail":0,"footnotes":""},"class_list":["post-315","page","type-page","status-publish","hentry"],"_links":{"self":[{"href":"https:\/\/www.feuerwehr-eddelak.de\/wcms\/wp-json\/wp\/v2\/pages\/315","targetHints":{"allow":["GET"]}}],"collection":[{"href":"https:\/\/www.feuerwehr-eddelak.de\/wcms\/wp-json\/wp\/v2\/pages"}],"about":[{"href":"https:\/\/www.feuerwehr-eddelak.de\/wcms\/wp-json\/wp\/v2\/types\/page"}],"author":[{"embeddable":true,"href":"https:\/\/www.feuerwehr-eddelak.de\/wcms\/wp-json\/wp\/v2\/users\/1"}],"replies":[{"embeddable":true,"href":"https:\/\/www.feuerwehr-eddelak.de\/wcms\/wp-json\/wp\/v2\/comments?post=315"}],"version-history":[{"count":2,"href":"https:\/\/www.feuerwehr-eddelak.de\/wcms\/wp-json\/wp\/v2\/pages\/315\/revisions"}],"predecessor-version":[{"id":11789,"href":"https:\/\/www.feuerwehr-eddelak.de\/wcms\/wp-json\/wp\/v2\/pages\/315\/revisions\/11789"}],"up":[{"embeddable":true,"href":"https:\/\/www.feuerwehr-eddelak.de\/wcms\/wp-json\/wp\/v2\/pages\/296"}],"wp:attachment":[{"href":"https:\/\/www.feuerwehr-eddelak.de\/wcms\/wp-json\/wp\/v2\/media?parent=315"}],"curies":[{"name":"wp","href":"https:\/\/api.w.org\/{rel}","templated":true}]}}