{"id":9992,"date":"2023-10-19T14:24:31","date_gmt":"2023-10-19T12:24:31","guid":{"rendered":"http:\/\/www.feuerwehr-eddelak.de\/wcms\/?page_id=9992"},"modified":"2024-02-16T09:58:43","modified_gmt":"2024-02-16T08:58:43","slug":"fahrzeuge-2","status":"publish","type":"page","link":"https:\/\/www.feuerwehr-eddelak.de\/wcms\/wir-uber-uns\/fahrzeuge-2\/","title":{"rendered":"Fahrzeuge"},"content":{"rendered":"\n<h2 class=\"has-text-align-center wp-block-heading\" style=\"font-size:32px\"><strong>ELW 1 [37-11-01]<\/strong><\/h2>\n\n\n\n<div class=\"wp-block-media-text alignwide is-stacked-on-mobile\"><figure class=\"wp-block-media-text__media\"><img loading=\"lazy\" decoding=\"async\" width=\"1024\" height=\"768\" src=\"https:\/\/www.feuerwehr-eddelak.de\/wcms\/wp-content\/uploads\/2023\/10\/23-05-19-17-58-25-5686-1024x768.jpg\" alt=\"\" class=\"wp-image-9997 size-full\" srcset=\"https:\/\/www.feuerwehr-eddelak.de\/wcms\/wp-content\/uploads\/2023\/10\/23-05-19-17-58-25-5686-1024x768.jpg 1024w, https:\/\/www.feuerwehr-eddelak.de\/wcms\/wp-content\/uploads\/2023\/10\/23-05-19-17-58-25-5686-300x225.jpg 300w, https:\/\/www.feuerwehr-eddelak.de\/wcms\/wp-content\/uploads\/2023\/10\/23-05-19-17-58-25-5686-768x576.jpg 768w, https:\/\/www.feuerwehr-eddelak.de\/wcms\/wp-content\/uploads\/2023\/10\/23-05-19-17-58-25-5686-1536x1152.jpg 1536w, https:\/\/www.feuerwehr-eddelak.de\/wcms\/wp-content\/uploads\/2023\/10\/23-05-19-17-58-25-5686-2048x1536.jpg 2048w\" sizes=\"auto, (max-width: 1024px) 100vw, 1024px\" \/><\/figure><div class=\"wp-block-media-text__content\">\n<div class=\"wp-block-columns is-layout-flex wp-container-core-columns-is-layout-9d6595d7 wp-block-columns-is-layout-flex\">\n<div class=\"wp-block-column is-layout-flow wp-block-column-is-layout-flow\" style=\"flex-basis:100%\">\n<p style=\"font-size:15px\">Fahrgestell: Mercedes-Benz Sprinter 516 CDI<br>Fahrzeugaustatter: GSF <br>Weitere Ausstattung: Erste-Hilfe Tasche, T\u00fcr\u00f6ffnungsset<\/p>\n<\/div>\n<\/div>\n\n\n\n<p style=\"font-size:15px\">Hier geht es zu der Beschaffung des Fahrzeuges: <a rel=\"noreferrer noopener\" href=\"https:\/\/www.feuerwehr-eddelak.de\/wcms\/wir-uber-uns\/fahrzeuge\/anschaffung-elw\/\" target=\"_blank\">Anschaffung ELW<\/a><br><\/p>\n<\/div><\/div>\n\n\n\n<p><\/p>\n\n\n\n<h2 class=\"has-text-align-center wp-block-heading\" style=\"font-size:32px\"><strong>HLF 10\/6 [37-45-01]<\/strong><\/h2>\n\n\n\n<div class=\"wp-block-media-text alignwide is-stacked-on-mobile\"><figure class=\"wp-block-media-text__media\"><img loading=\"lazy\" decoding=\"async\" width=\"1024\" height=\"768\" src=\"https:\/\/www.feuerwehr-eddelak.de\/wcms\/wp-content\/uploads\/2023\/10\/23-05-19-17-22-43-5660-1024x768.jpg\" alt=\"\" class=\"wp-image-9998 size-full\" srcset=\"https:\/\/www.feuerwehr-eddelak.de\/wcms\/wp-content\/uploads\/2023\/10\/23-05-19-17-22-43-5660-1024x768.jpg 1024w, https:\/\/www.feuerwehr-eddelak.de\/wcms\/wp-content\/uploads\/2023\/10\/23-05-19-17-22-43-5660-300x225.jpg 300w, https:\/\/www.feuerwehr-eddelak.de\/wcms\/wp-content\/uploads\/2023\/10\/23-05-19-17-22-43-5660-768x576.jpg 768w, https:\/\/www.feuerwehr-eddelak.de\/wcms\/wp-content\/uploads\/2023\/10\/23-05-19-17-22-43-5660-1536x1152.jpg 1536w, https:\/\/www.feuerwehr-eddelak.de\/wcms\/wp-content\/uploads\/2023\/10\/23-05-19-17-22-43-5660-2048x1536.jpg 2048w\" sizes=\"auto, (max-width: 1024px) 100vw, 1024px\" \/><\/figure><div class=\"wp-block-media-text__content\">\n<div class=\"wp-block-group\"><div class=\"wp-block-group__inner-container is-layout-flow wp-block-group-is-layout-flow\">\n<div class=\"wp-block-columns are-vertically-aligned-top is-layout-flex wp-container-core-columns-is-layout-9d6595d7 wp-block-columns-is-layout-flex\">\n<div class=\"wp-block-column is-vertically-aligned-top is-layout-flow wp-block-column-is-layout-flow\" style=\"flex-basis:100%\">\n<p style=\"font-size:15px\">Fahrgestell: MAN TGL 12.220 4&#215;2<br>Fahrzeugausstatter: Ziegler<br>Wassertank: 1200 Liter<br>Pumpenleistung: 1000l\/min<br>Schaumtank: 120 Liter<br>Weitere Ausstattung: Tragkraftspritze 8\/8 (800l\/min bei 8 Bar), Hydraulische Schere und Spreizer, B-Schlauchhaspel, pneumatischer Lichtmast<\/p>\n\n\n\n<p style=\"font-size:15px\">Hier geht es zu der Beschaffung des Fahrzeuges: <a rel=\"noreferrer noopener\" href=\"https:\/\/www.feuerwehr-eddelak.de\/wcms\/wir-uber-uns\/fahrzeuge\/anschaffung-lf-106\/\" target=\"_blank\">Anschaffung LF 10\/6<\/a><br><\/p>\n<\/div>\n<\/div>\n<\/div><\/div>\n<\/div><\/div>\n\n\n\n<p><\/p>\n\n\n\n<h2 class=\"has-text-align-center wp-block-heading\" style=\"font-size:32px\"><strong>LF 20-KatS [04-47-05]<\/strong><\/h2>\n\n\n\n<div class=\"wp-block-media-text alignwide is-stacked-on-mobile\"><figure class=\"wp-block-media-text__media\"><img loading=\"lazy\" decoding=\"async\" width=\"1024\" height=\"768\" src=\"https:\/\/www.feuerwehr-eddelak.de\/wcms\/wp-content\/uploads\/2023\/10\/IMG_6597-1024x768.jpg\" alt=\"\" class=\"wp-image-9999 size-full\" srcset=\"https:\/\/www.feuerwehr-eddelak.de\/wcms\/wp-content\/uploads\/2023\/10\/IMG_6597-1024x768.jpg 1024w, https:\/\/www.feuerwehr-eddelak.de\/wcms\/wp-content\/uploads\/2023\/10\/IMG_6597-300x225.jpg 300w, https:\/\/www.feuerwehr-eddelak.de\/wcms\/wp-content\/uploads\/2023\/10\/IMG_6597-768x576.jpg 768w, https:\/\/www.feuerwehr-eddelak.de\/wcms\/wp-content\/uploads\/2023\/10\/IMG_6597-1536x1152.jpg 1536w, https:\/\/www.feuerwehr-eddelak.de\/wcms\/wp-content\/uploads\/2023\/10\/IMG_6597-2048x1536.jpg 2048w\" sizes=\"auto, (max-width: 1024px) 100vw, 1024px\" \/><\/figure><div class=\"wp-block-media-text__content\">\n<p style=\"font-size:15px\">Fahrgestell: Mercedes-Benz Atego 1327 AF 4&#215;4<br>Fahrzeugausstatter: Wiss<br>Wassertank: 1200 Liter<br>Pumpenleistung: 2000l\/min<br>Weitere Ausstattung: Tragkraftspritze, Faltbeh\u00e4lter 5.000 Liter, 420 Meter B-Schlauchk\u00f6rbe (abrollbar w\u00e4hrend der Fahrt), pneumatischer Lichtmast<\/p>\n<\/div><\/div>\n\n\n\n<p><\/p>\n\n\n\n<h2 class=\"has-text-align-center wp-block-heading\" style=\"font-size:32px\"><strong>LF16-TS [37-42-01]<\/strong><\/h2>\n\n\n\n<div class=\"wp-block-media-text alignwide is-stacked-on-mobile\"><figure class=\"wp-block-media-text__media\"><img loading=\"lazy\" decoding=\"async\" width=\"1024\" height=\"768\" src=\"https:\/\/www.feuerwehr-eddelak.de\/wcms\/wp-content\/uploads\/2023\/10\/23-05-19-18-14-30-5708-1024x768.jpg\" alt=\"\" class=\"wp-image-10000 size-full\" srcset=\"https:\/\/www.feuerwehr-eddelak.de\/wcms\/wp-content\/uploads\/2023\/10\/23-05-19-18-14-30-5708-1024x768.jpg 1024w, https:\/\/www.feuerwehr-eddelak.de\/wcms\/wp-content\/uploads\/2023\/10\/23-05-19-18-14-30-5708-300x225.jpg 300w, https:\/\/www.feuerwehr-eddelak.de\/wcms\/wp-content\/uploads\/2023\/10\/23-05-19-18-14-30-5708-768x576.jpg 768w, https:\/\/www.feuerwehr-eddelak.de\/wcms\/wp-content\/uploads\/2023\/10\/23-05-19-18-14-30-5708-1536x1152.jpg 1536w, https:\/\/www.feuerwehr-eddelak.de\/wcms\/wp-content\/uploads\/2023\/10\/23-05-19-18-14-30-5708-2048x1536.jpg 2048w\" sizes=\"auto, (max-width: 1024px) 100vw, 1024px\" \/><\/figure><div class=\"wp-block-media-text__content\">\n<p style=\"font-size:15px\">Fahrgestell: Iveco-Magirus 90-16 AW<br>Fahrzeugausstatter: Lentner<br>Pumpenleistung: 1600l\/min<br>Weitere Ausstattung: Tragkraftspritze 8\/8 (800l\/min bei 8 Bar)<\/p>\n<\/div><\/div>\n\n\n\n<p><\/p>\n\n\n\n<h2 class=\"has-text-align-center wp-block-heading\" style=\"font-size:32px\"><strong>MTW [37-18-01]<\/strong><\/h2>\n\n\n\n<div class=\"wp-block-media-text alignwide is-stacked-on-mobile\"><figure class=\"wp-block-media-text__media\"><img loading=\"lazy\" decoding=\"async\" width=\"1024\" height=\"685\" src=\"https:\/\/www.feuerwehr-eddelak.de\/wcms\/wp-content\/uploads\/2023\/10\/MTW-Eddelak-KLI_7063-1024x685.jpg\" alt=\"\" class=\"wp-image-9995 size-full\" srcset=\"https:\/\/www.feuerwehr-eddelak.de\/wcms\/wp-content\/uploads\/2023\/10\/MTW-Eddelak-KLI_7063-1024x685.jpg 1024w, https:\/\/www.feuerwehr-eddelak.de\/wcms\/wp-content\/uploads\/2023\/10\/MTW-Eddelak-KLI_7063-300x201.jpg 300w, https:\/\/www.feuerwehr-eddelak.de\/wcms\/wp-content\/uploads\/2023\/10\/MTW-Eddelak-KLI_7063-768x514.jpg 768w, https:\/\/www.feuerwehr-eddelak.de\/wcms\/wp-content\/uploads\/2023\/10\/MTW-Eddelak-KLI_7063-1536x1027.jpg 1536w, https:\/\/www.feuerwehr-eddelak.de\/wcms\/wp-content\/uploads\/2023\/10\/MTW-Eddelak-KLI_7063-2048x1370.jpg 2048w\" sizes=\"auto, (max-width: 1024px) 100vw, 1024px\" \/><\/figure><div class=\"wp-block-media-text__content\">\n<p style=\"font-size:15px\">Fahrgestell: Opel Vivaro 2.0 cdti 2900<\/p>\n\n\n\n<p style=\"font-size:15px\">Dies ist das Fahrzeug der Jugendfeuerwehr Amt Eddelak-St.Michaelisdonn.<\/p>\n<\/div><\/div>\n","protected":false},"excerpt":{"rendered":"\nELW 1 \n\n\n\n\n\n\nFahrgestell: Mercedes-Benz Sprinter 516 CDIFahrzeugaustatter: GSF Weitere Ausstattung: Erste-Hilfe Tasche, T\u00fcr\u00f6ffnungsset\n\n\n\n\n\nHier geht es zu der Beschaffung des Fahrzeuges: Anschaffung ELW\n\n\n\n\n\n\n\n\nHLF 10\/6 \n\n\n\n\n\n\n\nFahrgestell: MAN &hellip;","protected":false},"author":14,"featured_media":0,"parent":264,"menu_order":2,"comment_status":"closed","ping_status":"closed","template":"","meta":{"ngg_post_thumbnail":0,"footnotes":""},"class_list":["post-9992","page","type-page","status-publish","hentry"],"_links":{"self":[{"href":"https:\/\/www.feuerwehr-eddelak.de\/wcms\/wp-json\/wp\/v2\/pages\/9992","targetHints":{"allow":["GET"]}}],"collection":[{"href":"https:\/\/www.feuerwehr-eddelak.de\/wcms\/wp-json\/wp\/v2\/pages"}],"about":[{"href":"https:\/\/www.feuerwehr-eddelak.de\/wcms\/wp-json\/wp\/v2\/types\/page"}],"author":[{"embeddable":true,"href":"https:\/\/www.feuerwehr-eddelak.de\/wcms\/wp-json\/wp\/v2\/users\/14"}],"replies":[{"embeddable":true,"href":"https:\/\/www.feuerwehr-eddelak.de\/wcms\/wp-json\/wp\/v2\/comments?post=9992"}],"version-history":[{"count":38,"href":"https:\/\/www.feuerwehr-eddelak.de\/wcms\/wp-json\/wp\/v2\/pages\/9992\/revisions"}],"predecessor-version":[{"id":10244,"href":"https:\/\/www.feuerwehr-eddelak.de\/wcms\/wp-json\/wp\/v2\/pages\/9992\/revisions\/10244"}],"up":[{"embeddable":true,"href":"https:\/\/www.feuerwehr-eddelak.de\/wcms\/wp-json\/wp\/v2\/pages\/264"}],"wp:attachment":[{"href":"https:\/\/www.feuerwehr-eddelak.de\/wcms\/wp-json\/wp\/v2\/media?parent=9992"}],"curies":[{"name":"wp","href":"https:\/\/api.w.org\/{rel}","templated":true}]}}